a) = 22 - 4*a**2 + 4*a**2 + 8*a**2 - 7*a - 3 - a**3 + a. What is s(8)?
-29
Let a(r) = -28*r + 173. Let w(v) = -13*v + 80. Let u(l) = -6*a(l) + 13*w(l). Let f be 10/4 - 2/(-4). Suppose f*d = -d + 4. Determine u(d).
1
Let c(w) be the second derivative of -w**4/6 + 7*w**3/6 + 7*w**2/2 - 290*w. Let r(f) = f**2 - f. Let j(y) = c(y) + 4*r(y). Give j(-5).
42
Let u(s) = -s**3 - 6*s**2 - 3*s + 4. Suppose 12*b = 19*b + 28. Let p be 4*(-3)/b - -17. Suppose -5*y + r - 20 = 0, -y - 3*r - p = -0*y. Give u(y).
-6
Suppose -5*w + 19 = 2*k - 4*w, -2*k + 4*w + 4 = 0. Let g = 313 - 311. Let f be k/2 - g/(6/15). Let l(y) = -7*y**2 - y - 1. Calculate l(f).
-7
Let a(u) = -126*u - 12 + u**2 - 106*u + 251*u. Let l(z) = z**2 + z + 1. Let f(i) = a(i) - 2*l(i). Determine f(16).
2
Let r(x) = 12*x - 11 + 9*x + 1 - 24*x. What is r(-3)?
-1
Let f(g) = -4*g**2 + 17*g + 2. Let a(t) = -17*t**2 + 67*t + 6. Let q(c) = 2*a(c) - 9*f(c). What is q(10)?
4
Let s(t) = -t**3 + 25*t**2 - 21*t - 54. Suppose -16*h = -20*h + 113 - 17. Calculate s(h).
18
Let n(g) be the third derivative of -g**4/6 + 2*g**3/3 - 68*g**2 - 15*g. Determine n(6).
-20
Let p be -1*-2*1*(50 + -41). Suppose 5*z - 2*j - p = -2, 5*j + 7 = -4*z. Let k(u) = 3*u - 4. Determine k(z).
2
Let q(c) = c**3 - 4*c**2 - 24*c + 85. Suppose 62*x - 9 = 54*x + 31. What is q(x)?
-10
Let s(b) = -b**3 - b + 6. Suppose -d + 34 = -4*y, 2*y + 30 = d - y. Let j = 21 - d. Suppose -3*n = 3 - j. Determine s(n).
6
Let o(y) be the third derivative of 13*y**4/24 + 11*y**3/3 - 277*y**2 + 5*y. Give o(3).
61
Let t(g) = 19*g**3 - 4*g**2 + 19*g - 203. Let d(n) = -3*n**3 - n**2 + 3. Let u(a) = 6*d(a) + t(a). Give u(10).
5
Let t(u) = -2*u**2 + 33*u - 1. Let z(h) = 17*h**2 - 189*h - 1. Let m(j) = -5*t(j) - z(j). Calculate m(5).
-49
Let y(c) be the first derivative of c + 1/2*c**2 + 1/3*c**3 + 13. Suppose 4*n = -z + 6 + 6, n + z = 3. Calculate y(n).
13
Suppose 45 + 89 = c. Let f = 137 - c. Let k(h) = -h**f + 5*h + 13*h - 10*h + 0*h**3 - 7*h**2 + 5. Give k(-8).
5
Let a = 32 - 86. Let s = a + 54. Let m(p) = -p**2 - 10. Calculate m(s).
-10
Let u(t) = t**2 - 7*t + 27. Let j(o) = -o + 9. Let x(v) = -2*j(v) + u(v). What is x(4)?
5
Let n be 27 - (-21 - (-120)/5). Let v(g) = -3*g**2 + 73*g - 29. Determine v(n).
-5
Let r(c) be the second derivative of -c**4/6 + 7*c**3/3 - 2*c**2 - 1350*c. Give r(7).
-4
Let f(r) = -r**3 + 12*r**2 + 42*r - 194. Let g be f(14). Let t(k) be the second derivative of 9*k + 0 - 1/6*k**3 - 3/2*k**g. Determine t(0).
-3
Let b = 144 - 131. Let d(z) = 0*z + b*z + 6 - 7*z - 7*z. Calculate d(10).
-4
Suppose 6*v - 52 = -7*v. Let n(m) = -4*m**2 - v*m + m**3 + 33 - 2*m**3 - 27 + 2*m**3. Suppose 5*j - 19 = 1. Calculate n(j).
-10
Suppose 5*o + 14 - 33 = -2*x, 31 = 5*x - 4*o. Suppose -8 = 3*q + 4*g - 0*g, 0 = -4*q - g + 11. Let a(w) = x + 2 - w + 0 + q. Determine a(9).
4
Let y(s) = s**2 - 6*s - 1. Suppose -14*c + 0*c + 196 = 0. Suppose -r = -5*r + 5*d + c, 3*d - 30 = -4*r. Give y(r).
-1
Let l = -208 - -336. Let c be ((-4)/3)/(2 - l/48). Let o(w) = 7*w**2 - w. What is o(c)?
26
Let m(c) be the second derivative of -c**5/20 - 3*c**4/2 + 17*c**3/6 - 43*c**2/2 + 1849*c. What is m(-19)?
-5
Let s(o) = 5*o**3 + 499*o**2 + 6*o**3 - 504*o**2 - 6*o. Let z be (1 - 0)*2/(-2). Let f(b) = b**3 - b**2 - b. Let n(v) = z*s(v) + 6*f(v). What is n(1)?
-6
Let x(w) be the second derivative of -3*w**3/2 + 21*w**2/2 - 38*w. Let g(h) = -13*h + 31. Let n(k) = -5*g(k) + 7*x(k). Calculate n(6).
4
Suppose -6*t - 3*h = -9*t + 4779, t - 1585 = -3*h. Let v(s) = 2*s + t - 2*s - 1586 - s. Calculate v(6).
-1
Let b(d) be the second derivative of 3 - 9*d**2 + 1/3*d**3 + 20*d. Calculate b(9).
0
Let c(m) = m**2 + 178*m - 1879. Let l be c(10). Let i(t) = 2*t - 2 + 2*t**2 + 1 + 7*t**3 - 3*t**2. Give i(l).
7
Let w(j) = -j**3 + 8*j**2 - 5. Let g be w(8). Let n(z) = -5*z - 18. Let q be n(-4). Let i(b) = 4 + 8*b + 3 + 5*b - q - 12*b. Determine i(g).
0
Let h(u) = -5*u - 92. Suppose -9 = 12*b + 245 - 98. Determine h(b).
-27
Let o = -5594 - -5599. Let j(b) = -3*b**3 - 8*b**2 - b - 4. Let n(q) = 4*q**3 + 9*q**2 + 4. Let t(m) = -5*j(m) - 4*n(m). Give t(o).
4
Let c(k) = 4*k**3 - 80*k**2 + k - 38. Let z be c(20). Let j(u) = -u**2 - 17*u - 22. What is j(z)?
-40
Suppose -7*c + 366 = -8*c. Let p = c + 372. Let s(h) = -h**3 + 7*h**2 - 4*h - 5. Calculate s(p).
7
Let b(g) = -5*g + 117. Let k be b(23). Let l(r) = 147*r**2 + 1 + 7*r + k*r**3 - 139*r**2 - 5*r**3 + 4*r**3. Calculate l(-7).
1
Let g be 2/((-2)/(-3)) - 2. Let a be 3 + -2 + g + -5. Let o(q) be the first derivative of -3*q**2/2 - 2*q - 51. Give o(a).
7
Let s(a) = a**3 - 9*a**2 + 15*a - 18. Let y be 1188/176 - (21/(-4) - -6). What is s(y)?
-36
Let u(s) = -s**3 + 2*s**2 + 20*s + 2. Let f(a) = a**3 - 2*a**2 - 9*a - 24. Let c be f(5). Determine u(c).
-22
Let k(f) be the second derivative of f**6/60 + f**5/60 - f**3/6 + 7*f**2 - 3*f - 4. Let d(u) be the first derivative of k(u). Determine d(1).
2
Let p(b) be the first derivative of -2*b**2 + 2*b + 44 - 45 - 57 - 33. Give p(-3).
14
Let p(v) be the first derivative of -v**6/120 - v**5/10 - 5*v**4/24 - 2*v**3/3 - 69*v**2/2 - 82. Let x(w) be the second derivative of p(w). Give x(-4).
-16
Let a(w) = -58*w**2 - 1. Let b be 21/9 + 60/(-45). Calculate a(b).
-59
Let v = -38 + 29. Let m be (-42)/v - 2/(-6). Suppose m*h - 3*h - 14 = 0. Let b(o) = o**3 - 8*o**2 + 6*o - 6. Determine b(h).
-13
Suppose -2*m = -4*o + 74, -6*m + m - 73 = -3*o. Let v = 22 - o. Let w(z) = 3*z - 3. What is w(v)?
15
Let a(h) = -15*h - 138. Let x be a(-10). Let q(z) = -2*z + x - 3*z**2 + 2*z**2 - 5 - 10. Calculate q(-7).
-38
Let s(d) = d**3 + 5*d**2 - 15*d - 52. Let r be s(-6). Suppose h - 4*u - r = 0, 0 = 2*h - 4*h - 5*u + 30. Let z(w) = w**2 - 11*w + 14. Determine z(h).
4
Suppose 3*k - 9 - 35 = 5*a, 0 = 3*k - 3*a - 54. Suppose -162 = k*i + 4*i. Let g(u) = -u**3 - 5*u**2 + 5*u - 4. Determine g(i).
2
Let t = -225 - -226. Let p(z) be the second derivative of 7*z**5/60 - z**4/24 + z**3/6 - 2*z**2 - 2*z. Let v(n) be the first derivative of p(n). Give v(t).
7
Let g(j) = j**3 - 4*j**2 + 7*j - 13. Let w be g(3). Let q(k) = -2*k**2 + k + 1. Let x be q(w). Let r(l) = 3*l + 2. Give r(x).
-4
Let o(f) be the first derivative of f**4/4 - 2*f**3/3 - f**2/2 + 2*f - 69. Suppose 3*z - s - 6 = 0, 5*z - 10*z - 3*s = -10. Give o(z).
0
Let q(v) be the third derivative of -6*v**2 - 1/10*v**5 + 0 - 6*v - 7/24*v**4 + 1/120*v**6 + 1/2*v**3. Determine q(7).
3
Let y(u) = 16*u - 14469 + 6*u**2 - u**2 + 14364 - 2*u**2 - 2*u**2. What is y(-19)?
-48
Let q(r) = -3 - 6*r + 0*r - 2*r + r**2. Suppose 7*t + 2384 - 8138 = 0. Let m = t + -816. What is q(m)?
-15
Let g(u) = -2*u**3 + 28*u**2 + 6*u. Let l(m) = 2*m**3 - 30*m**2 - 8*m + 6. Let j(p) = -4*g(p) - 3*l(p). Calculate j(11).
-18
Let u be -212*(-2)/12 + 1/(-3). Let p(o) = -u - 3*o + 82 - 45. Calculate p(-5).
17
Let c(t) = -7*t**3 + 14*t**2 + 30*t + 1. Let l(s) = 2*s**3 - s**2 - 6*s - 2. Let u(v) = -c(v) - 4*l(v). Determine u(-10).
67
Suppose -2*n = -2*m + 13 - 3, m = -2*n + 2. Let f be (-2)/((-15)/50*m/(-15)). Let c = f + 32. Let t(d) = -d**3 + 8*d**2 - 7*d + 9. Determine t(c).
9
Let n(k) = 5*k + 85. Let l be n(-14). Let s(p) = 22*p - 56*p + 20*p + 12 + l*p. Give s(-16).
-4
Let w(p) = p - 3. Suppose -20*k - 3 = -23*k, -73 = 4*r - k. Let c be (3/9)/(3/r) - -2. Calculate w(c).
-3
Let s(y) be the second derivative of 1/12*y**4 + 0 - 109*y + 5/6*y**3 + 2*y**2. Calculate s(-5).
4
Suppose 4*g + 89 + 98 = 215. Let b(x) = -10*x + 80. Calculate b(g).
10
Suppose 3*u - 3*r = -0*r - 159, 2*u - 3*r + 105 = 0. Let c = -59 - u. Let x(v) = v - 1. Let d be x(c). Let o(p) = p**3 + 7*p**2 + 7*p + 8. Give o(d).
2
Let b = 3437 - 2425. Let o = 1015 - b. Let p(j) = j**3 - j**2 + 5*j - 7. Calculate p(o).
26
Let s(r) = -2*r + 1. Let z be (7*(-2)/4)/(11/(-22)). Let u be 0 + 8*z/28. Calculate s(u).
-3
Let b = 53 + -50. Suppose -b*q = -10 + 7. Let g be (-20)/5*(0 + q)/1. Let j(u) = -u**2 - 5*u + 5. Give j(g).
9
Let z(t) = -t**3 - 8*t**2 - 5*t + 9. Let w = -9 + 13. Let f be (-1)/w - (-270)/(-40). Let p be z(f). Let n(c) = -c**2 - 4*c - 3. Calculate n(p).
-8
Let w(d) = d**2 + 29*d + 6. Let t(u) = -10*u**2 + 88*u + 9. Let f(y) = t(y) - 3*w(y). Calculate f(2).
-59
Let u(d) be the second derivative of -d**3/6 + d**2/2 + 2*d. Let p(f) be the third derivat